t is the highest common divisor of 280 and 50?
10
What is the greatest common factor of 129 and 6?
3
What is the highest common factor of 2006 and 236?
118
What is the greatest common factor of 31 and 279?
31
Calculate the greatest common factor of 33 and 22.
11
What is the highest common divisor of 5136 and 48?
48
What is the greatest common factor of 14605 and 115?
115
Calculate the greatest common divisor of 49 and 6426.
7
Calculate the greatest common factor of 9017 and 127.
127
Calculate the highest common factor of 84 and 56.
28
What is the greatest common divisor of 48 and 3396?
12
Calculate the greatest common divisor of 76 and 266.
38
What is the greatest common factor of 56 and 3304?
56
Calculate the greatest common divisor of 21 and 4949.
7
Calculate the greatest common factor of 234 and 720.
18
Calculate the greatest common divisor of 875 and 28.
7
Calculate the highest common factor of 7254 and 156.
78
Calculate the greatest common divisor of 412 and 4.
4
Calculate the highest common factor of 693 and 1485.
99
What is the highest common factor of 1 and 59?
1
Calculate the highest common divisor of 37 and 629.
37
What is the greatest common divisor of 1500 and 60?
60
What is the greatest common divisor of 3980 and 20?
20
Calculate the highest common divisor of 675 and 126.
9
What is the highest common factor of 361 and 2?
1
What is the greatest common factor of 7332 and 104?
52
Calculate the highest common factor of 555 and 407.
37
What is the highest common divisor of 1449 and 253?
23
Calculate the highest common factor of 294 and 21.
21
Calculate the greatest common factor of 357 and 84.
21
What is the highest common factor of 36 and 11358?
18
What is the greatest common factor of 364 and 208?
52
What is the highest common factor of 833 and 196?
49
Calculate the highest common factor of 100 and 1180.
20
What is the greatest common factor of 912 and 57?
57
Calculate the highest common divisor of 442 and 39.
13
Calculate the highest common factor of 168 and 588.
84
Calculate the highest common divisor of 2510 and 30.
10
Calculate the highest common factor of 6 and 6.
6
What is the greatest common divisor of 119 and 136?
17
What is the greatest common factor of 3590 and 10?
10
What is the highest common divisor of 124 and 53692?
124
What is the greatest common divisor of 1185 and 30?
15
What is the highest common divisor of 231 and 42?
21
What is the highest common divisor of 410 and 123?
41
Calculate the greatest common factor of 64 and 1328.
16
Calculate the greatest common factor of 42 and 266.
14
What is the highest common factor of 60 and 1380?
60
What is the highest common factor of 689 and 13?
13
What is the highest common factor of 80 and 5540?
20
Calculate the greatest common factor of 75 and 75.
75
What is the greatest common factor of 6 and 3126?
6
Calculate the greatest common factor of 29 and 2059.
29
Calculate the highest common divisor of 6230 and 356.
178
What is the highest common factor of 18 and 1098?
18
What is the greatest common divisor of 48 and 12156?
12
What is the greatest common divisor of 896 and 84?
28
Calculate the highest common divisor of 464 and 640.
16
Calculate the greatest common divisor of 539 and 781.
11
What is the greatest common factor of 374 and 935?
187
Calculate the highest common factor of 49 and 301.
7
What is the greatest common divisor of 21 and 987?
21
Calculate the greatest common divisor of 24 and 4032.
24
What is the highest common divisor of 18636 and 18?
6
Calculate the highest common factor of 912 and 36936.
456
Calculate the highest common divisor of 33 and 88.
11
What is the highest common divisor of 144 and 128?
16
Calculate the highest common divisor of 1548 and 36.
36
What is the highest common factor of 476 and 272?
68
What is the highest common factor of 51666 and 109?
109
Calculate the greatest common divisor of 814 and 88.
22
Calculate the highest common factor of 380 and 20.
20
Calculate the highest common divisor of 1316 and 1504.
188
What is the highest common divisor of 17 and 901?
17
Calculate the highest common divisor of 1911 and 117.
39
What is the greatest common factor of 658 and 6016?
94
What is the highest common divisor of 35300 and 100?
100
What is the highest common factor of 24687 and 18?
9
What is the greatest common factor of 140343 and 123?
123
Calculate the highest common factor of 35 and 40.
5
Calculate the highest common divisor of 108 and 810.
54
Calculate the greatest common factor of 5598 and 18.
18
Calculate the greatest common divisor of 1 and 5.
1
What is the highest common factor of 45 and 9?
9
What is the highest common divisor of 16 and 3568?
16
Calculate the highest common factor of 3441 and 248.
31
What is the highest common divisor of 35503 and 13?
13
What is the greatest common factor of 1650 and 66?
66
What is the greatest common divisor of 16 and 25072?
16
What is the highest common divisor of 90 and 6570?
90
Calculate the greatest common factor of 1701 and 252.
63
Calculate the greatest common divisor of 1474 and 22.
22
Calculate the greatest common factor of 1978 and 86.
86
What is the highest common divisor of 29 and 6264?
29
Calculate the highest common divisor of 1540 and 22.
22
What is the greatest common factor of 2468 and 4?
4
What is the highest common divisor of 18437 and 537?
179
What is the greatest common divisor of 25 and 1125?
25
What is the greatest common divisor of 1157 and 247?
13
Calculate the highest common divisor of 68 and 3842.
34
What is the greatest common factor of 704 and 4136?
88
Calculate the highest common divisor of 123 and 492.
123
Calculate the greatest common divisor of 4 and 66.
2
What is the highest common factor of 12 and 1772?
4
What is the highest common factor of 189 and 1050?
21
Calculate the greatest common divisor of 320 and 40.
40
Calculate the greatest common factor of 16 and 2488.
8
What is the greatest common divisor of 2700 and 108?
108
Calculate the highest common factor of 1025 and 25.
25
What is the greatest common factor of 335 and 20?
5
What is the greatest common divisor of 31 and 589?
31
Calculate the greatest common divisor of 435 and 2001.
87
What is the highest common factor of 1300 and 104?
52
Calculate the highest common divisor of 10 and 505.
5
What is the highest common divisor of 10 and 994?
2
Calculate the highest common factor of 4 and 92.
4
What is the highest common factor of 13 and 13?
13
Calculate the greatest common divisor of 1256 and 2198.
314
What is the greatest common factor of 1710 and 150?
30
Calculate the greatest common factor of 1912 and 16.
8
Calculate the greatest common factor of 5644 and 68.
68
Calculate the highest common factor of 10 and 170.
10
Calculate the highest common divisor of 297 and 10197.
99
What is the greatest common divisor of 68 and 170?
34
Calculate the highest common divisor of 493 and 51.
17
Calculate the greatest common divisor of 252 and 1359.
9
Calculate the greatest common divisor of 11 and 275.
11
Calculate the greatest common factor of 1981 and 7358.
283
What is the greatest common factor of 168 and 1128?
24
Calculate the greatest common divisor of 169 and 1027.
13
Calculate the greatest common factor of 24 and 1218.
6
Calculate the greatest common divisor of 234 and 1950.
78
Calculate the highest common factor of 1734 and 816.
102
What is the highest common factor of 954 and 2279?
53
Calculate the greatest common factor of 32585 and 95.
95
What is the greatest common divisor of 1590 and 90?
30
What is the highest common divisor of 744 and 4712?
248
Calculate the greatest common divisor of 943 and 41.
41
What is the highest common divisor of 46 and 43?
1
Calculate the highest common factor of 2139 and 207.
69
Calculate the greatest common factor of 2412 and 81.
9
What is the greatest common divisor of 924 and 84?
84
What is the highest common factor of 42 and 2464?
14
What is the highest common divisor of 455 and 65?
65
Calculate the highest common factor of 395 and 40.
5
What is the greatest common factor of 1430 and 66?
22
Calculate the greatest common divisor of 1251 and 695.
139
Calculate the greatest common factor of 13910 and 52.
26
Calculate the greatest common divisor of 154 and 682.
22
Calculate the greatest co